= 29*w. List the prime factors of (2 + 4)*(9 + w).
2, 3
Let g(f) = 21*f**2 - 15*f - 17. Let m be g(-16). Suppose -3*j - 5*b = -j - 2227, -2*b + m = 5*j. What are the prime factors of j?
19, 59
Suppose 3487 = g + 2*d, -660*d = 4*g - 659*d - 13990. What are the prime factors of g?
3499
Suppose 0 = 187*l - 224148 - 2887514 - 3336659. What are the prime factors of l?
34483
Suppose 6*c - 16 = -2*c. Let s(q) = 8*q**3 - 2*q**2 - 1 + 120*q - 122*q + 3. What are the prime factors of s(c)?
2, 3
Let n(c) = 51*c**2 + 1. Suppose 0 = -3*k + 10 + 2, -2*g = -2*k + 2. Suppose -g*t + 15 = 5*o + 1, -o = 5*t - 16. List the prime factors of n(o).
2, 13
Let p(h) = h**2 + 3*h + 480. Let t be p(0). Let r = -318 + t. Suppose 3*v = 4*v + u - r, 4*u + 500 = 3*v. What are the prime factors of v?
2, 41
List the prime factors of (-92938)/(-10) + (7/(-28))/((-5)/4).
2, 3, 1549
Let o(m) = 4*m + 2. Let w be o(7). Suppose d + 3*d + w = 3*a, -a + 43 = -5*d. Let f(q) = 3*q**2 + 2*q + 14. List the prime factors of f(d).
239
Let s = -51 + 57. Suppose -3*y + s*y = 300. List the prime factors of y.
2, 5
Let g be ((-3)/2)/(12/(-1032)). Let k = 280 + g. What are the prime factors of k?
409
Let t be -4 + 17/(2 - 1). Let l(m) = m**2 - 11*m - 24. Let x be l(t). Suppose 4*b + 2*z - 117 = 3*z, 3*b - 96 = -x*z. What are the prime factors of b?
2, 3, 5
What are the prime factors of ((-128680)/(-32) - (-3 + 0))*(-30 - -46)?
2, 16097
Let b = -12160 - -20785. List the prime factors of b.
3, 5, 23
List the prime factors of (-21)/((-42)/4) - (-3 - 22171).
2, 3, 7, 11
Suppose 3*d + 3*v - 3 = 0, 4*v = -8*d + 3*d + 6. Suppose -a - 2*a + 2*h = 4, 0 = 5*a - d*h. What are the prime factors of 1550/75*21/a?
7, 31
Let i = -195 + -65. Let d = i + 175. Let y = d - -132. What are the prime factors of y?
47
What are the prime factors of (1330/4)/((-80)/(-448))?
2, 7, 19
Suppose 0 = 3*s - 5*h - 4986, 6*s - 4974 = 3*s + h. Suppose -p + 1619 = 4*y - 592, 3*y + p = s. What are the prime factors of y?
2, 277
What are the prime factors of -1 + (860 - -3) - -8?
2, 3, 5, 29
Let a(o) = -o**2 + 13*o + 37. Let g be a(11). Suppose -b = -5*n - g, 6*b = b - 2*n + 403. List the prime factors of b.
79
What are the prime factors of -7 + (11 - -3) + (21637 - -2) - 5?
17, 19, 67
Suppose 3*s = -9 + 21. Suppose 3*p + s*d = 4*p - 247, 2*d = -2*p + 494. What are the prime factors of p?
13, 19
Let b(a) = 8*a**3 + 4*a**2 + 7*a + 6. Let z be b(-3). Let v = 288 + z. Let f = v - 58. What are the prime factors of f?
5, 7
Suppose -36*u + 36*u = -90*u + 808200. List the prime factors of u.
2, 5, 449
Suppose 0 = s - 5 + 6. List the prime factors of 1/(s*5/(-4765)).
953
Suppose 15 = 3*y, 276218 = 4*v - 84*y + 86*y. What are the prime factors of v?
2, 61, 283
Suppose -73*w - 71*w = 54*w - 6278580. List the prime factors of w.
2, 3, 5, 7, 151
Let s = 32 + -32. Suppose 5*c - 6*c + 33 = s. Let q = 8 + c. What are the prime factors of q?
41
Let g(l) = l**2 + 15*l - 20. Let b be g(-12). Let d = b - -45. Let n = 108 + d. What are the prime factors of n?
97
Let m be 6905 + (-11 - -9) - -7. Suppose 0*b - 2*z = -5*b + 6895, -5*z - m = -5*b. List the prime factors of b.
3, 17
Let a(i) = -11*i - 35. Let h be 86/(-6) + 8/24. Let q be 8/28 - (-186)/h. List the prime factors of a(q).
2, 3
Suppose -11*b + 99 = -0*b. Suppose -7 = -4*i + b. List the prime factors of (695/30 - i) + 1/(-6).
19
Let o(b) = 672*b**3 - 2*b**2 - 2*b + 2. Let q(l) = 1343*l**3 - 5*l**2 - 6*l + 5. Let t(p) = -5*o(p) + 2*q(p). What are the prime factors of t(-1)?
2, 13
List the prime factors of 2159*7 + 2312/(-289).
3, 5, 19, 53
Let k = 249 + -230. Suppose k*a = 3686 + 3496. What are the prime factors of a?
2, 3, 7
Let f(x) = 3821*x**2 + 63*x + 157. What are the prime factors of f(-4)?
3, 20347
Suppose -5*v + b = 7, -4 + 14 = v - 4*b. List the prime factors of (-345)/(-30) - 1/v.
2, 3
Suppose 5*s - u = 133, 2*s - 2*u - u - 61 = 0. Let x(g) = 5*g - 2. Let y be x(1). Suppose -v + y*v - s = 0. List the prime factors of v.
13
Suppose -2*w + 47 = -23. Suppose 0 = -6*m + w + 13. Suppose -m*o + 13*o = 430. List the prime factors of o.
2, 43
Let k(t) = 225*t**3 - 4*t**2 - 16*t + 11. Let d be k(5). Suppose -3674 = 18*i - d. List the prime factors of i.
19, 71
Let c = -847 + 1244. Let a = -159 + c. List the prime factors of a.
2, 7, 17
Let v(i) = 287*i + 2763. What are the prime factors of v(80)?
29, 887
Let p = 729 - 495. Suppose -d + 3*u - p = -1160, -2*d + 1876 = 2*u. What are the prime factors of d?
5, 11, 17
Suppose -2*d - 3*p = -6*p + 174, -5*d - p - 418 = 0. Let l = 133 + d. Suppose b - 4 = l. List the prime factors of b.
53
Let l(j) = j**3 + 9*j**2 - 9. Let u be (-45)/5*2/2. Let s be l(u). What are the prime factors of 1385/15 + 3/s?
2, 23
Let y be (-44)/3 - 8/(-12). Suppose 2*q + 0*q = 4*q - 98. List the prime factors of 681/7 + y/q.
97
Let j(k) be the first derivative of -k**4/4 - 2*k**3 - 3*k**2 + 2*k - 8. Let r be j(-4). List the prime factors of ((-3435)/45)/(2/r).
229
Let q(n) = 18*n + 14. Suppose -o - 3*o + 2*b = -28, 0 = 2*o + b - 22. Let a be q(o). Suppose -a = 10*d - 12*d. List the prime factors of d.
2, 11
Let g be 3 - 5 - -3 - 2. Let q = 3 - g. Suppose q*d - 4*p = 9*d - 620, -620 = -5*d - 3*p. List the prime factors of d.
2, 31
Let z be (-1305)/348*(-4)/3. Suppose -94 = -b + 3. Suppose 0 = d - z*d - a + 416, 0 = -d - 2*a + b. List the prime factors of d.
3, 5, 7
Let u = -1156 - -12840. What are the prime factors of u?
2, 23, 127
Let x(n) = 739*n + 3105. List the prime factors of x(34).
7, 37, 109
Suppose -12*r + 56746 - 3850 = 0. List the prime factors of r.
2, 19, 29
Let s be ((-104)/(-14))/((-7)/(-931)*19). Suppose 18 + 6 = -3*b. List the prime factors of ((-28 - -3) + 1)/(b/s).
2, 3, 13
Let m(n) = 46*n**2 - 44*n + 15. List the prime factors of m(17).
3, 53, 79
Let h(q) = -3*q**3 + 142*q**2 - 52*q - 580. List the prime factors of h(-20).
2, 5, 17, 239
Let z = -3383 - -5012. What are the prime factors of z?
3, 181
Let o be (-454)/10896 - 575/24. Suppose 14 = -5*l - 6. What are the prime factors of (o/l)/(6/92)?
2, 23
Let j = -17558 + 37418. What are the prime factors of j?
2, 3, 5, 331
Suppose -5*q = 29*q - 2312. Suppose -4*h + 5*k + q = 7*k, -3*k = 3*h - 57. What are the prime factors of h?
3, 5
Let a(j) = -j**3 - 20*j**2 - 9*j - 8. Suppose 22 + 50 = -3*g + 3*m, 3*m = -g - 8. Let p be a(g). Suppose -64 + p = 4*n. List the prime factors of n.
3
Let d(v) = 228*v**2 + 52*v - 230. List the prime factors of d(7).
2, 5653
Let r(z) be the first derivative of z**2 + 9*z - 16. Let x be r(-8). List the prime factors of 127/1 - (x - -4).
2, 5, 13
Let v(b) = -b**3 + 18*b**2 - 33*b + 20. Let y be v(16). Suppose -5*k - y*n = -2*k - 1469, -979 = -2*k - 3*n. List the prime factors of k.
491
Suppose 5*o = -5*g + 70, -g - 3*g = 2*o - 64. Suppose -g*f + 13*f = -35. Suppose -5*c - 98 = -f*c. List the prime factors of c.
7
Let u be 80/(-8) - (-14 + 7). List the prime factors of (0 + -421)/(u/27*3).
3, 421
Let z be (-4 - -4)/7 + 5/1. Suppose v + z*t = 4*v + 388, -3*v + 2*t - 373 = 0. Let n = 216 + v. List the prime factors of n.
5, 19
Suppose o = -1415 - 467. What are the prime factors of o/(-8) - (-21)/28?
2, 59
Let a be 1/(-3)*-282 - 7. Let j = a + 110. What are the prime factors of j?
197
Let o be (-77)/(-14) - ((-2)/(-4) + 0). Suppose -5*m + 2417 = -2*p, o*m - 1950 = -2*p + 463. List the prime factors of m.
3, 7, 23
Suppose c + 1450 = -2*a, -2*c = 11*a - 9*a + 1452. Let w = -242 - a. List the prime factors of w.
2, 241
Let b be 590 + 3 + (4 + -6 - -3). List the prime factors of 215754/b + (8/18)/(-2).
3, 11
Let v(f) = -17063*f - 735. List the prime factors of v(-1).
2, 13, 157
Let s(x) = x**2 - 11*x - 9. Let q(w) = -w**3 - 3*w**2 + 5*w - 14. Let g be q(-6). Suppose -9*u + 89 + g = 0. List the prime factors of s(u).
3, 31
Let t(z) = 6*z + 50. Let o be t(-8). Suppose 2*r = -o*r. What are the prime factors of (r + 1)/((-13)/(-832))?
2
Suppose -38 - 26 = -4*d. Let f = d - 13. What are the prime factors of (15*-8 - f)*-1?
3, 41
List the prime factors of (-4)/14*(-154)/(-440) + 290661/10.
2, 14533
Let y(j) = 12*j**2 + 16*j + 38. Let b be (-6)/(-7) - (-1660)/(-140). What are the prime factors of y(b)?
2, 3, 73
What are the prime factors of ((-16)/10)/((-429)/8773050)?
2, 5, 409
Let m(g) = 3*g*